*o + 3. What is the units digit of a(-8)?
8
Let q = 101 - 39. What is the units digit of q?
2
Let t = 5 + 2. Suppose -z = -t - 6. What is the tens digit of z?
1
Suppose 0*b + 1 = -4*b - 3*r, -9 = 3*b + 5*r. Suppose 4*s = 2*c + 24, 0 = -b*s + 3*s - 5*c - 24. What is the units digit of (-2)/s*(-18)/9?
1
Let q(c) = -11*c + 1. Let f(h) = h**2 + 5*h + 5. Let z be f(-4). Let r be q(z). Let l = r - -15. What is the units digit of l?
5
Suppose p = -6*w + 2*w + 79, -5*w = -4*p + 211. What is the tens digit of p?
5
Suppose -3*k - 20 = -2*m + 2*k, 5*k + 25 = 3*m. Let q = m - 2. Suppose -q*u = -2 - 22. What is the units digit of u?
8
Suppose h - 2 = -v + 1, 5*v = -3*h + 1. Suppose -62 = -5*o - h. Suppose -5*m = -o - 14. What is the units digit of m?
5
Suppose -2 = 3*f - 3*t - 23, -4*f = 4*t + 4. Suppose -5*p - 3*j + 133 = 0, f*p = j - 3*j + 80. What is the units digit of p?
6
Suppose -5*h - 162 - 593 = -5*q, 0 = 5*h + 15. What is the tens digit of q?
4
Suppose -5*z + 5*p + 20 = 0, 2*p + 4 = 5*z - 16. Let i(g) = g + 1. Let r(w) = 2*w + 11. Let n(d) = -3*i(d) + r(d). What is the units digit of n(z)?
4
Let s(a) = -24*a**3 - 1. What is the units digit of s(-1)?
3
Let w be (-3)/(-5) - 1099/(-35). Suppose -w = -0*g - 4*g. Let f = 2 + g. What is the tens digit of f?
1
Suppose -4*j = -4*o + 6*o - 150, -j + 2*o = -50. What is the tens digit of j?
4
Let k be 14/8 + 3/12. Suppose 3*q - k*q = 15. What is the units digit of q?
5
Suppose -x - 309 = -5*q + 3*x, -305 = -5*q + 5*x. What is the tens digit of q?
6
Suppose -3*c + 5*r + 39 = 0, -13 - 8 = -c - r. What is the tens digit of c?
1
Let z(f) = -4*f - 3. Let q be z(-2). Let o(h) = 2*h + 4. What is the units digit of o(q)?
4
Suppose 0 = -2*x - 3*t + 77, x = -0*x + 5*t + 58. What is the units digit of x?
3
Suppose -5 = 2*p - 27. What is the units digit of p?
1
Suppose 3*o + 2*n = -108, 6*o = 3*o + 2*n - 108. What is the units digit of (o/(-10))/((-6)/(-15))?
9
Let l(j) = -j - 2. Let d be l(-3). Let i = -4 + 7. Let z = d + i. What is the units digit of z?
4
Let w(v) = -54*v**3 + v**2 + v. What is the units digit of w(-1)?
4
What is the units digit of 96/15*3*(-40)/(-12)?
4
Let b(c) = c**3 + 4*c**2 - 3*c - 1. Let p be b(-4). Suppose -3*y = -p - 19. What is the units digit of ((-12)/y)/((-2)/15)?
9
Let s(j) = -3*j + 20. Let a be 47/(-8) + 3/(-24). What is the units digit of s(a)?
8
Suppose -4*o + o = 9. Let j be (-4)/(4 + (0 - 8)). What is the units digit of (j/(-3) - 1)*o?
4
Let u(g) = -g**2 + 11*g - 8. Let c(y) = 46*y**2 + 2*y + 1. Let d be c(-1). Suppose 5*t + 0*t = d. What is the tens digit of u(t)?
1
Let j = -30 + 36. What is the units digit of j?
6
Suppose -7*x = -3*x + 40. What is the units digit of x/(-2) + (1 - 3)?
3
Let q = 2 - 0. Let i be (q + -2)/(-3 - -1). Let b = i - -1. What is the units digit of b?
1
Let f(w) = -28*w + 17. What is the hundreds digit of f(-4)?
1
Let p(j) = -5 - j**2 - 10*j - 4*j + 4*j. What is the units digit of p(-8)?
1
Suppose 0 = c + c + 36. What is the units digit of c*(-3)/6*1?
9
Suppose -2*r - 2*p = 2*p - 120, 5*r - 286 = -3*p. What is the tens digit of r?
5
Suppose u = g, -g - 2*g = 5*u. Suppose g*t - 4*b - 10 = -2*t, 4*t + b - 65 = 0. What is the tens digit of t?
1
Let w = 127 - 75. Suppose j = -j + w. Suppose -4*i - j = -5*y, -4*y - 5*i + 26 = -3*i. What is the units digit of y?
6
Suppose -2*i - 24 = 2*i. Let z = i + 38. What is the tens digit of z?
3
Suppose -4*q = -2 + 10, -4*z + 5*q + 1222 = 0. What is the hundreds digit of z?
3
Suppose 3*i = -2*i - 4*t + 1059, 2*t = 3*i - 653. What is the units digit of i?
5
Let y(s) = s**3 - 2*s**2 + s. Let w be y(2). Suppose -1 = -w*m - 7. What is the units digit of m/(2 + (-19)/8)?
8
Let i(b) = 2*b + 11. What is the units digit of i(8)?
7
Let x(d) = 2*d - 5. Let g be x(4). Let t be ((-18)/(-7))/(g/14). Suppose -6*z = -3*z - t. What is the units digit of z?
4
Let d(n) = n**2 + 29. What is the tens digit of d(-13)?
9
Let j(n) be the second derivative of n**5/20 + n**4/3 - 7*n**3/6 - 3*n**2 - 4*n. What is the units digit of j(-5)?
4
Suppose -4*g = -g + 15, -5*b - 2*g = 0. Suppose -i + b*i = 9. What is the units digit of i?
9
Let z(t) = -7 - 5*t**2 - 2*t - 2*t + t**3 + 0*t**3. Let q be z(6). Suppose q = -3*b + 26. What is the units digit of b?
7
Let f(w) = 4*w**2 - 8*w + 5. What is the tens digit of f(11)?
0
Let a be -2 - -1*(-12)/(-2). Suppose 20 = 2*m + a*q, -m - 2*q + 18 = 2*q. Suppose 3*l + m = 2*x - 39, 5*l = x - 31. What is the units digit of x?
6
Let f(y) = y + y**2 - y - 10 + 0*y**2 - 4*y. What is the tens digit of f(7)?
1
Let i(j) = j + 8. What is the units digit of i(6)?
4
Let x be 1/(1/6*2). Suppose -3*y = x*o - 11 - 79, 0 = 3*y + 12. What is the units digit of o?
4
Let n be -20*-2*(-34)/(-16). Suppose 5*c = n + 40. What is the units digit of c?
5
Let g(a) = 5 + 11*a - 3 - 3. Suppose 0 = -7*n + 3*n + 4. What is the tens digit of g(n)?
1
Let h = -2 - 0. Let f be (-25)/(-10) - 3/h. Let c = -3 + f. What is the units digit of c?
1
Let t(y) = -y. Let n(u) = u**3 + 4*u**2 - 6*u - 7. Let d be n(-5). Let g(s) = s**2 + 9*s + 6. Let v(m) = d*t(m) - g(m). What is the units digit of v(-4)?
6
Suppose -5*x + 1 = -2*v - 4*x, 9 = 3*v - 5*x. Let f(t) = 3*t - 8. Let j(d) = d - 4. Let w(r) = 2*f(r) - 5*j(r). What is the units digit of w(v)?
2
What is the hundreds digit of (10 + 184)*(-6)/(-4)?
2
Suppose j - 2*j = -2*p - 92, 287 = 3*j + 5*p. What is the units digit of j?
4
Let r(j) = -j**2 + 2. Let p(u) = u + 1. Suppose -3 = 6*t - 3*t. Let q be p(t). What is the units digit of r(q)?
2
Suppose p + 4 = 0, -5*u + 0*p + 2*p + 173 = 0. What is the tens digit of u?
3
What is the units digit of ((-6)/(-4))/(1/2)?
3
Let v(w) = 6*w**2 + 3*w - 3. Let m(q) = q**2 - 13*q + 2. Let b be m(13). What is the tens digit of v(b)?
2
Let p(y) = 4*y**3 - y**2 - 2*y**2 - 3*y**3 + 1 + 5*y. Let n be p(4). Suppose -5*k + 18 = -n. What is the units digit of k?
1
Let n(q) be the second derivative of q**5/20 - q**4/12 - 2*q**3/3 - q. What is the units digit of n(3)?
6
What is the tens digit of 8/((-20)/(-16) - 1)?
3
What is the units digit of (-170)/(-51)*3/2?
5
Let r(j) = 54*j - 32. What is the tens digit of r(6)?
9
Suppose -3*d + 7*d - 124 = 0. What is the tens digit of d?
3
What is the tens digit of 8/12 + (829/3 - 1)?
7
Let r be -1*(-2 + 3)*-1. Let l = r - -1. What is the units digit of l?
2
Let d = 1 - -3. Suppose -2*m + 5*m - 52 = -2*b, d*m - 69 = -3*b. What is the tens digit of m?
1
Let t be 14/63 - 50/(-18). Suppose -8 = t*a - 41. Suppose -a = -f - 4. What is the units digit of f?
7
Let b(v) = 6*v**3 - 2*v**2 + v - 3. What is the units digit of b(2)?
9
Suppose 5*z + 4*c - 182 = 0, z + 111 = 4*z + 3*c. Let u = 47 - z. What is the tens digit of u?
1
Suppose i + 3 - 9 = -q, -5*i - 4*q = -28. What is the units digit of i?
4
Suppose 0 - 3 = 3*a. What is the units digit of ((-9)/(-3) + a)*2?
4
Let a be 8/4 - 1*-2. Suppose -a = -4*m + 2*m. What is the units digit of m?
2
Let h = -139 - -294. What is the hundreds digit of h?
1
Suppose s + s = -5*j - 37, 3*s + 4*j = -38. What is the units digit of s/(-3) - -1 - 1?
2
Suppose -u = 2*q + 3*u, -3*q + u + 35 = 0. Let v = -2 + q. What is the units digit of v?
8
Let r be (-3)/(1 + 2/(-1)). What is the tens digit of r + 0 + -2 - -20?
2
Suppose a - 72 = -s, 0 = 5*a - 3*s - 392. Suppose l + 3*l = a. What is the tens digit of l?
1
Let q be 7/(-1) + -2 - 2. Let b(x) = x**3 + 10*x**2 - 12*x + 10. What is the tens digit of b(q)?
2
Let r(i) = -i**3 - 4*i**2 - 3*i - 2. Let s be r(-4). Suppose y - 3*y = -s. Suppose 0 = -0*q - 5*q + y. What is the units digit of q?
1
Let f = 25 + 126. What is the hundreds digit of f?
1
Let u = 123 - 62. What is the units digit of u?
1
Let b be (3 + 1 + 1)/(-1). Let s(l) = l**3 + 6*l**2 + 2*l - 4. What is the units digit of s(b)?
1
Let g be ((-6)/1)/(15/(-60)). Let z = g - 6. What is the tens digit of z?
1
Suppose -17 = -4*t + 3*s + 5, -4*t = -4*s - 24. Let u(v) = 5 + t*v**2 - 3 - v - 3*v**2. What is the units digit of u(0)?
2
Let u = -80 - 26. Let l = -49 - u. Suppose 3*a = 4*x + x - 55, 0 = 4*x - 5*a - l. What is the units digit of x?
8
Let f(j) = -7 + 0*j + j**2 + 2*j - 1 - 3*j. What is the tens digit of f(7)?
3
Let c(x) = -x - 11. Let r be c(-11). Suppose r = 5*u - 32 - 33. What is the tens digit of u?
1
Suppo